.
5, 13
Let c(q) be the second derivative of -q**3 - 21*q**2 + 7*q - 120. Let x(w) = -w**3 + 2*w**2 - 2*w + 4. Let a be x(3). List the prime factors of c(a).
2, 3
Suppose 2*u = w - 6, 2*u = -w + 3*u + 3. Suppose w = 8*k - 10*k + 22. List the prime factors of 2/k - 2300/(-55).
2, 3, 7
Suppose 0 = -3*w - 21 - 39. List the prime factors of ((-3864)/w)/((-6)/(-60)*4).
3, 7, 23
Let s = 109919 + -29010. What are the prime factors of s?
80909
Suppose -18*d - 37 = -163. What are the prime factors of (1 - (-1170)/6) + d?
7, 29
Let w(x) = -2*x**3 - 6*x**2 - 3*x + 4. Let u be w(-4). Let r = 67 - u. Suppose 24*j - 40 = r*j. List the prime factors of j.
2
Let k(c) = -7*c**2 - 8*c - 7. Let a be k(10). Let o = 425 + a. Let t = o + 648. List the prime factors of t.
2, 11, 13
Suppose 1 = -3*v - 35. Let c(y) = -y**2 - 20*y - 18. Let z be c(v). Suppose 203 = m + z. List the prime factors of m.
5
Suppose -28764 = -2*z - 2*c, -46*c + 14357 = z - 50*c. What are the prime factors of z?
11, 1307
Let b(t) = t**2 + 7*t - 2. Let s be b(3). Suppose -14*r = -0*r - s. Suppose -2*z + 2*v + 178 = r*z, -4*z - v = -169. What are the prime factors of z?
43
Let n(f) = 7*f - 2. Let t(v) = -3*v + 23. Let o be t(7). Let g be n(o). What are the prime factors of 1/3 + 1304/g?
109
Let r(m) = m**3 + 4*m**2 + 2*m + 5. Let y be r(-6). Let u = -2135 - -1950. Let w = y - u. What are the prime factors of w?
2, 53
Let a = -139 + 57. Let q = 23 + a. What are the prime factors of 0 - q - (4 - 1)?
2, 7
Let x = 900 + -546. List the prime factors of (5 - (-3 + 6))*(x + -7).
2, 347
Let b(h) be the first derivative of 12 - 5*h**2 - 2*h - 25 - 3*h. What are the prime factors of b(-8)?
3, 5
Suppose 2*v + 614*t = 619*t + 9797, -9789 = -2*v - 3*t. What are the prime factors of v?
2, 3, 17
Let c = -42 + 48. Suppose 12*j = c*j + 1260. Suppose 3*r + 5*w - 47 = 203, 3*r = 3*w + j. List the prime factors of r.
3, 5
What are the prime factors of ((-146)/(-4))/(32/13120)?
5, 41, 73
Suppose 5*p = -3*y + 2043, 2*p = y - 784 + 92. Let t = -260 + y. What are the prime factors of t?
2, 3, 71
Suppose 39*u = 85*u - 32*u - 8204. List the prime factors of u.
2, 293
Let j = 119 + -128. Let s(n) = -17*n - 4. Let h(w) = 35*w + 9. Let a(z) = -3*h(z) - 5*s(z). List the prime factors of a(j).
173
Let v(p) = 27*p**2 + 8*p + 40. Let x be v(-8). Suppose x = 3*i - 3*r, 4*i + r + 4*r - 2290 = 0. What are the prime factors of i?
2, 3, 5, 19
Let t = -65 - -66. Let p(f) = -f**3 + f - 1. Let i(j) = 5*j**3 + 2*j**2 - 4*j + 43. Let v(z) = t*i(z) + 4*p(z). What are the prime factors of v(0)?
3, 13
Suppose -86*n = -359742 - 2652924. List the prime factors of n.
3, 11677
Let l(c) = 54*c**2 + 62*c - 13. List the prime factors of l(-9).
3803
Suppose -180*c = -95*c - 320960. List the prime factors of c.
2, 59
Let k = -54 - -102. Suppose 615 = k*q - 43*q. List the prime factors of q.
3, 41
Let j(t) = 7*t - 21*t - 26*t - 42. What are the prime factors of j(-12)?
2, 3, 73
Suppose 8435 = g + o, 674*g = 669*g - 3*o + 42171. What are the prime factors of g?
3, 937
Suppose -107*t = -231*t + 1262320. List the prime factors of t.
2, 5, 509
Suppose 7*r + 23 = 4*v + 4*r, -2*v - 5*r = -5. Suppose -3*q = -4*j - 153, 238 = v*q - 23*j + 22*j. What are the prime factors of q?
47
Let o(w) be the first derivative of 14*w**2 + 7*w**2 + 7*w**2 + 2*w + 4. List the prime factors of o(2).
2, 3, 19
List the prime factors of (-3542448)/(-240) - (-2)/(-10).
2, 3, 5, 41
Let b = 55993 + -29993. List the prime factors of b.
2, 5, 13
Suppose -224 = -0*c + 3*c + 5*n, 16 = -4*n. Let x = c - -158. What are the prime factors of x?
2, 3, 5
Let u(r) = 21*r**2 + 2*r + 4. What are the prime factors of u(8)?
2, 11, 31
Suppose -2*s + 75 = 3*s. Let r = -194 + 196. Let b = s - r. List the prime factors of b.
13
Let b(n) = 12296*n - 44 - 41 - 12326*n. What are the prime factors of b(-11)?
5, 7
Let d(o) be the third derivative of -41*o**4/24 + 139*o**3/6 - 66*o**2 + 2*o. List the prime factors of d(-11).
2, 5, 59
Let a = 73 + 1089. Suppose -4*f + a = -870. List the prime factors of f.
2, 127
Let n(v) = -149*v - 19. Let f be n(-5). Suppose 0*z = -3*z + f. Suppose -w - 2*l = 4*w - z, -2*l - 190 = -4*w. What are the prime factors of w?
2, 3
Let o(l) = 304*l - 6. Let k(q) = -q. Let s(p) = 3*k(p) + o(p). What are the prime factors of s(1)?
5, 59
Let d(a) = -242*a**3 - 11*a - 10. Let s be d(-1). Suppose -2*p - p = 363. Let r = p + s. What are the prime factors of r?
2, 61
Let t(w) = 6*w**2 - 125*w + 30. List the prime factors of t(27).
3, 7
List the prime factors of (214/(-107))/((-113919)/37971 - -3).
3, 4219
Let r = 30918 - 21926. List the prime factors of r.
2, 281
Let h(r) = 17*r**2 - 6*r - 48. Let d = 711 + -720. List the prime factors of h(d).
3, 461
Let w = 20131 + -12777. List the prime factors of w.
2, 3677
Suppose -26838 = 7*t - 34*t. Let x = -527 + t. List the prime factors of x.
467
Let j = 3780 + 6317. What are the prime factors of j?
23, 439
Suppose 3*s = 7 - 7. Suppose -4*k + s + 16 = 0, d - 636 = -5*k. Suppose 17*y - 13*y - d = 0. What are the prime factors of y?
2, 7, 11
Let a(r) = 3781*r - 180. What are the prime factors of a(11)?
41411
Let h(r) = -5*r - 117. Let g be h(-24). Suppose -g*m + 0*m - 1937 = -2*v, 0 = m + 1. List the prime factors of v.
967
Suppose 21 = 12*w - 75. Suppose -2*m = -0*p + 4*p - 4, -5*m + 5*p + 10 = 0. Suppose 5*t + 0*t + m*s = 473, 0 = 2*s - w. List the prime factors of t.
3, 31
Suppose 0 = g - 3*v + 1, 3*v + 24 = -5*g + 1. What are the prime factors of g + (-3 - 24*-20)?
11, 43
What are the prime factors of (-9)/54 - 945222/(-36)?
2, 3, 547
Let i(s) = s**3 + 4*s**2 - 4*s + 6. Let o be i(-5). What are the prime factors of (-12386)/(-22) + 3/o?
2, 283
Let t(y) = y**2 + 13*y - 2. Let v be (-3)/6 - (570/(-4))/(-5). Let p be t(v). Suppose -7*d = -4*d - 2*z - p, -d = 5*z - 171. List the prime factors of d.
2, 3, 13
Suppose 4*c - 32 = 144. Let l = c - -3. What are the prime factors of l?
47
Suppose 554099 + 1915301 = 24*g + 76*g. What are the prime factors of g?
2, 12347
Let f(x) = -2*x**2 - 255*x + 179. List the prime factors of f(-53).
2, 3, 673
Let g(h) = -2*h**3 + 49*h**2 + 20*h - 151. List the prime factors of g(24).
5, 181
Suppose 0 = -3*a - 0*a + 2*r + 17200, 4*r = 4*a - 22936. Suppose a = -29*i + 23915. What are the prime factors of i?
3, 11, 19
Let l = 230 - 228. What are the prime factors of (-8)/(-10) + (l - 3588/(-15))?
2, 11
Let v be (-12)/(-9)*(-1)/((-6)/18). What are the prime factors of (v/(-10))/(15/(-10800))?
2, 3
What are the prime factors of -2 - ((-420)/(-560) + 302654/(-8))?
11, 19, 181
Let h(o) = o**3 + 11*o**2 + 20*o + 10. Let m = -8 + -1. Let b be h(m). What are the prime factors of -3 - (-2)/(b/(-700))?
2, 43
What are the prime factors of (-16)/(-120) + (-14 - 5875896/(-180))?
2, 5, 13, 251
Let g(u) = -u**2 + 16*u - 14. Let j be g(15). Let c(w) = -w. Let p(b) = -b**2 - 8*b + 10. Let f(d) = j*c(d) + p(d). List the prime factors of f(-7).
2, 3
Let m be 1270 + 2 + 3 + -2. Suppose -5*w = -602 - m. Suppose 4*p + 0*p - 5*v - 336 = 0, -5*p = 5*v - w. What are the prime factors of p?
79
Let y be 1*(3 + 0 - 3). Suppose y*g - 10 = -4*p - g, -5*p - 4*g = -7. Suppose -p*k - 342 = -5*k. List the prime factors of k.
3, 19
Let d(b) = 12*b**2 + 144*b + 62. List the prime factors of d(-50).
2, 7, 23, 71
Let t(o) be the first derivative of -35*o**4/4 + 5*o**2/2 + 3*o - 13. Let h be t(-2). Let x = -113 + h. List the prime factors of x.
2, 5
Let h = 6970 + -296. What are the prime factors of h?
2, 47, 71
Let i = -41 + 41. Suppose 5*k - 3 = 3*p, -k + 5 = p - 2. Suppose 0 = -2*v - 5*j + 61, -k*j = -i*j - 15. List the prime factors of v.
2, 3
Suppose 9*w = 3*w + 180. Let n be (-6)/10 + 33138/w. What are the prime factors of 2/(-3) + n/36?
2, 3, 5
Let y(m) = 2*m**2 + 4*m + 3. Suppose 37*l = 40*l + 6. Let u be y(l). Let j(k) = 27*k - 21. List the prime factors of j(u).
2, 3, 5
Let b(r) = -204*r + 709. What are the prime factors of b(-23)?
11, 491
Let l be -1 - -68*2/(-4). Let b = -35 - l. Let r = 19 - b. What are the prime factors of r?
19
Let f be 165/(-25) + 1 + (-2)/5. What are the prime factors of 3636/f*(-4)/6?
2, 101
Suppose -290894 = -46*t + 44308. List the prime factors of t.
3, 7, 347
Suppose 8*v = 6*v + 4. Suppose -9*s + 8*s - v*w + 442